Let o = b + 5. Suppose -5*x - o*g + g + 400 = 0, x - 85 = 4*g. What is the greatest common factor of x and 9?
9
Suppose 0 = a + k - 88, a + 268 = 4*a + 4*k. Let f(g) = g**3 - 4*g**2 - 11*g + 15. Let d be f(6). Calculate the greatest common divisor of d and a.
21
Let d = 28 + 4. Calculate the greatest common divisor of 8 and d.
8
Suppose 0 = -5*i + 234 + 366. Calculate the highest common divisor of i and 30.
30
Suppose -i + 5*o + 2 = -13, -75 = -5*i + o. Calculate the highest common factor of 75 and i.
15
Suppose 0 = -5*x + 48 + 92. Calculate the greatest common factor of 112 and x.
28
Suppose m = -5*z - 74, 4*z - 3*z + 26 = -3*m. Let d be (54/(-21))/(3/z). Calculate the greatest common divisor of 12 and d.
12
Let r be (-1)/(-2)*12/1. What is the highest common divisor of 15 and r?
3
Let z = 11 - -9. What is the highest common divisor of z and 180?
20
Suppose -5*j = -3*p - 33, 20 = 2*p + 3*p. Let q(h) = 4*h**2 - 5*h - 3. Let k be q(5). Calculate the greatest common divisor of k and j.
9
Let n = -2 + 3. Suppose -12 + 2 = -5*i. Calculate the greatest common divisor of n and i.
1
Suppose -3*d - 2*j = -100, -5*d + 2*j + 3*j = -200. Suppose -7*f - 16 = -3*f, -153 = 3*h - 3*f. Let r = h - -79. Calculate the highest common factor of d and r.
12
Let x be -1 - 1 - (-2 + 4). Let y = 3 + x. Let r(u) = -9*u**3 - u**2 - u - 1. Let f be r(y). Calculate the highest common factor of f and 8.
8
Let s be 0 - (-5)/((-20)/(-68)). Suppose -c - 6*n = -2*n - 136, -3*c - 4*n + 408 = 0. What is the highest common factor of s and c?
17
Suppose 0 = -3*y + 29 + 31. Calculate the highest common divisor of y and 5.
5
Let g(y) = -24*y. Let r be g(-6). Calculate the greatest common divisor of r and 16.
16
Let u(r) = -3*r + 2 + 4*r + r. Let b be u(10). Suppose -4*p - b = -3*w - 63, 3*p + w = 47. What is the highest common divisor of p and 112?
14
Let n be (2 + 23)*(4 + 1). Let x = 217 - n. What is the highest common divisor of x and 23?
23
Suppose -2 = -u, 2*m - 5*u - 6 = 4. Suppose 58 = 3*a - 2*g, -a + 41 = a + g. What is the highest common factor of m and a?
10
Let b = -1 + 3. Suppose -g - 4*s + 25 = 0, 0 = 5*g - 3*g - b*s. Let u be (-3)/(-4) + (-3)/(-12). What is the greatest common divisor of u and g?
1
Suppose 0 = -4*w + 6*w + 4. Let p be 2 + -4 - 16/w. What is the highest common divisor of p and 18?
6
Let h be (1 - 12)*(1 - 2). Calculate the greatest common divisor of 88 and h.
11
Suppose 5*m - 46 = 14. Calculate the greatest common divisor of 108 and m.
12
Let g = -6 - -196. Calculate the highest common factor of 19 and g.
19
Let u = 5 + -3. Suppose 4*y = -u*x + 370, -4*x + 705 = y - 0*y. Calculate the greatest common factor of 70 and x.
35
Suppose -2*g - 183 = 3*l - 26, 4*l + 202 = g. Let w be 34/5*(23 + 2). Let i = w + l. What is the highest common divisor of i and 17?
17
Suppose -10*f + 1440 = 5*f. What is the highest common factor of 6 and f?
6
Suppose 112 = 5*h - 113. Calculate the greatest common factor of 5 and h.
5
Let o(a) = -2*a + 29. Let d be o(8). What is the greatest common divisor of 91 and d?
13
Let f(v) = v**2 + 2*v - 3. Suppose 17 = -5*o - 8. Let t be f(o). Let b = 45 + -21. What is the greatest common divisor of b and t?
12
Let a(i) = i**2 + 9*i - 12. Let k be a(-12). Calculate the greatest common factor of k and 84.
12
Let g be (-8 - 1) + (1 - -1). Let q = g + 20. Let l(t) = -16*t - 44. Let u be l(-6). Calculate the highest common divisor of u and q.
13
Let f be (3 - (-22)/(-8)) + 657/12. What is the highest common factor of 11 and f?
11
Suppose -m - 197 = 130. Let u = m - -597. What is the greatest common factor of u and 30?
30
Let c(j) = -j**2 + 10. Let d be c(-7). Let y = d + 204. Calculate the highest common divisor of y and 15.
15
Suppose 4*i = -0 + 12. Suppose 0 = -i*t + 14 + 70. Suppose -4*q + 13 = -3. What is the highest common factor of q and t?
4
Let m(s) = -14*s + 2. Let h be m(-2). Suppose 0 = 5*f - 20 - h. What is the greatest common divisor of 10 and f?
10
Suppose 452 = 5*d + 177. Suppose -5*g + 208 = 4*z, 0 = -g - 3*z + 6*z + 53. Suppose 2*s + 0 - g = 0. What is the greatest common divisor of s and d?
11
Let i = 5 + -3. Suppose -4*o + 5*b + 52 = 0, 2*o - 26 = -9*b + 5*b. Suppose -f + i*f = o. What is the greatest common divisor of 91 and f?
13
Let j(r) = 9*r - 1. Suppose -h = 5*c + 12, -3*c + 15 = -8*c. Suppose -7 = -h*f - 1. Let s be j(f). Calculate the highest common divisor of 187 and s.
17
Let h be (-7)/(-21) - (-17)/3. Let m = 2 + 1. Calculate the greatest common factor of h and m.
3
Let d(v) = v**2 + 13*v + 18. Let q be d(-12). Suppose -2*h - 88 = -q*h. Calculate the greatest common factor of 11 and h.
11
Let k(o) = 13*o - 2. Let w be k(1). What is the greatest common divisor of 11 and w?
11
Let w = 0 + 18. What is the highest common factor of w and 12?
6
Let v(b) = b**2 - 4*b - 31. Let x be v(-13). What is the highest common divisor of x and 38?
38
Let m = 19 + -15. Suppose -8 = -m*h - 0. What is the highest common divisor of 16 and h?
2
Let p = -26 - -42. What is the highest common divisor of p and 40?
8
Let t be (-174)/9 + (-6)/9. Let c = t + 35. What is the greatest common divisor of 45 and c?
15
Let r(s) = -s**2 + 8*s + 3. Let n be r(5). Let p(h) = -4*h + 6*h - h**3 + 5*h. Let l be p(-5). What is the highest common factor of n and l?
18
Let c(w) = 3*w - 31. Let p be c(14). What is the greatest common factor of p and 121?
11
Suppose -46 = -a - a. Let i = 37 - a. What is the highest common factor of i and 35?
7
Let o(k) = -k**3 - 6*k**2 - k + 2. Let a be o(-6). Suppose -2*s + a = -0*s. Let t be (-4)/(-10) + (-54)/(-15). What is the greatest common factor of t and s?
4
Let r(p) = -p - 1. Let m be r(3). Let v be (-4)/((-12)/(-15))*m. Calculate the greatest common divisor of v and 10.
10
Let l = 22 - 13. Suppose 3*b = 4*b + 4. Let n = 13 + b. What is the highest common factor of n and l?
9
Let y(a) = -3*a - 1. Let q be y(-3). What is the highest common divisor of 32 and q?
8
Let b(v) = -v**3 + 2*v**2. Let u be b(1). Suppose -u = g + 3*c - 15, 5*g + c = 14. Calculate the highest common divisor of 3 and g.
1
Suppose -4*n = -5*n + 16. Calculate the greatest common divisor of 80 and n.
16
Let f = 18 + -11. Let u be (-4)/(-14) + 292/f. Suppose 0 = -0*a - 4*a + 112. What is the greatest common divisor of u and a?
14
Suppose 34 = j + 3*m, 0 = 5*j - 4*m + 61 - 174. Let i = 140 + j. Suppose 3*v = i + 3. What is the highest common factor of 8 and v?
8
Let k be 2 - ((-190)/40 - (-3)/4). What is the greatest common factor of k and 42?
6
Suppose -a = -4 - 4. Let z(u) = -u**3 - 2*u**2 - u - 4. Let q be 22/(-8) - 3/12. Let g be z(q). Calculate the highest common factor of a and g.
8
Suppose 2*p - 22 = -16. What is the highest common factor of 33 and p?
3
Let h(g) = -g**2 - 12*g - 7. Let c be h(-10). Let y = 30 + -4. Calculate the highest common divisor of y and c.
13
Suppose -4*x = -25 - 11. What is the greatest common factor of 27 and x?
9
Suppose 3*s = 3*r - 105, -3*r - 54 = 5*s - 159. What is the highest common factor of 14 and r?
7
Let k be (1/(-3))/((-5)/195). Suppose 3*a - 12 = 3. Suppose -2*h + 46 = a*t, 4*h - 35 = h + t. Calculate the highest common factor of h and k.
13
Suppose 2*s = 12 + 14. Suppose -3*c = -5*c - 3*a + 408, 1003 = 5*c - a. Let q = -136 + c. Calculate the highest common divisor of s and q.
13
Let k be 1/(2/(-4)) + 6. Let x(n) = 6*n - 16. Let t be x(6). Calculate the highest common divisor of k and t.
4
Let k be (-1 - 2/4)*-2. Suppose 4*x = k*x + 12. Let u = 86 + -74. What is the greatest common factor of x and u?
12
Let q(o) = -o**3 + 10*o**2 - 8*o + 11. Let u be q(9). Calculate the greatest common divisor of 4 and u.
4
Let x be (2 - 2/5)*5. Let c = 11 - x. Suppose -q + 160 = c*q. What is the greatest common factor of q and 5?
5
Let u = -25 + 35. Let k be u - 1/4*0. Calculate the greatest common factor of k and 2.
2
Let w be (((-56)/6)/1)/(52/(-468)). Let c be (-1 - -51)*12/10. Suppose -5*a + 0*a + c = 0. What is the greatest common divisor of a and w?
12
Suppose 2*g + 39 = 3. Let i be 1292/g + (-4)/18. Let c = i + 259. What is the highest common factor of 17 and c?
17
Let w be 1/(2 + 956/(-480)). Suppose 0*f - w = -3*f. What is the highest common divisor of f and 100?
20
Let v be 2 + 3 + -3 - -1. Suppose -24 = -v*